{"id":78,"date":"2016-11-22T15:29:42","date_gmt":"2016-11-22T14:29:42","guid":{"rendered":"http:\/\/bester-manager-auftritt.de\/?page_id=78"},"modified":"2016-12-07T13:00:48","modified_gmt":"2016-12-07T12:00:48","slug":"die-laudatio","status":"publish","type":"page","link":"https:\/\/bester-manager-auftritt.de\/index.php\/die-laudatio\/","title":{"rendered":"Die Laudatio"},"content":{"rendered":"<h2 style=\"text-align: left;\">Laudatio auf Dr. Elmar Degenhart<\/h2>\n<h3 style=\"text-align: left;\">Von\u00a0Dr. Stefan Wachtel, ExpertExecutive, Frankfurt am Main<\/h3>\n<h4 style=\"text-align: left;\">\u201eThe Future in Motion\u201c \u2013 \u201cThe Manager in Action\u201d<\/h4>\n<p style=\"text-align: justify;\">Ein Preis f\u00fcr das Selbstverst\u00e4ndlichste auf der Welt. Einer steht auf, geht an ein Pult, sagt ein paar Worte. Oder er antwortet. Man sollte meinen, das sei kein Problem. Ist es aber doch, in Deutschland zumal. Weil das nicht selbstverst\u00e4ndlich ist, verdient es einen Preis!<\/p>\n<p style=\"text-align: justify;\">Ich warne vor diesem Preis; ihn anzunehmen ist nicht ohne Risiko. Er hat irgendwas mit Rhetorik zu tun. Damit wollen wir ja hier nichts zu tun haben. \u201eAuftritt\u201c ist so was von verd\u00e4chtig. Guter Auftritt, schlechter Manager \u2013 schlechter Auftritt, guter Manager; mit solchem Gesinnungsschmus haben wir es zu tun.<\/p>\n<p style=\"text-align: justify;\">Kommunikateure sind oft Schreiber, Edelfedern, wo man hinschaut. Es gibt erstens zu wenig wirklich M\u00fcndliches. Zweitens zu wenig, das wirklich geprobt wird. Und drittens zu wenig, das wirkungsvoll an die Strategie gekoppelt ist. Darum gibt es diesen Award, in diesem Jahr zum ersten Mal.<\/p>\n<p style=\"text-align: justify;\">Texte werden ja schon untersucht. Endlich aber gibt es einen Preis, der nicht nur Satzl\u00e4ngen und Fremdwortanzahl misst. Es geht um Aktion statt um Texte. Denn um in einen wirklichen Executive Modus, in einen Wirkungsmodus zu kommen, braucht es Gesamtperformance. Und die stellt immer ein Manager her und ein Team hinter ihm und neben ihm. Deshalb ist das heute ein Team-Preis.<\/p>\n<p style=\"text-align: justify;\">Ich habe es seit 20 Jahren mit Auftritten von Spitzenmanagern zu tun und mit Teams, die das erw\u00e4hnte Hinterland bearbeiten. Ich habe den Award \u201eBester Manager-Auftritt\u201d initiiert und begr\u00fc\u00dfe zu diesem Abend! Sie werden nicht bereuen, hier zu sein!<\/p>\n<p style=\"text-align: justify;\">Ich begr\u00fc\u00dfe besonders Dr. Degenhart, und Frau Schmitt, Dr. Gress. Ich begr\u00fc\u00dfe den, der f\u00fcr den Kern des Awards steht, die wissenschaftliche Studie. Willkommen, Professor Scharloth. Ich begr\u00fc\u00dfe Melanie Loos, Redaktionsleiterin BILANZ.de. Und willkommen auch Guido Werner aus Weimar, ein wirklicher Starfotograf.\u00a0Schlie\u00dflich: \u201eThe Leading Coaches of the World<sup>\u00ae<\/sup>\u201c, das Label f\u00fcr Exzellenz im Executive Coaching, stiftet den Preis. Ich begr\u00fc\u00dfe Frau Dr. Etzel. Stefanie Etzel ist das Herz der Elite Community f\u00fcr Executive Coaches.<\/p>\n<p style=\"text-align: justify;\">Ich will noch schnell etwas sagen, das unserem Abend etwas Flugh\u00f6he geben sollte. Wir sind hier am Nabel der Welt, im Auge eines globalen Trends. Der hei\u00dft: \u201eDie Renaissance der Rhetorik\u201c. Unsere Kommunikation wird pers\u00f6nlicher und m\u00fcndlicher. Wir leben in einer Zeit der anschwellenden Rede und Antwort.<\/p>\n<p style=\"text-align: justify;\"><img loading=\"lazy\" class=\"alignright wp-image-82\" src=\"http:\/\/bester-manager-auftritt.de\/wp-content\/uploads\/2016\/11\/IMG_2140-e1479824333220-923x1024.jpg\" alt=\"img_2140\" width=\"640\" height=\"710\" srcset=\"https:\/\/bester-manager-auftritt.de\/wp-content\/uploads\/2016\/11\/IMG_2140-e1479824333220-923x1024.jpg 923w, https:\/\/bester-manager-auftritt.de\/wp-content\/uploads\/2016\/11\/IMG_2140-e1479824333220-270x300.jpg 270w, https:\/\/bester-manager-auftritt.de\/wp-content\/uploads\/2016\/11\/IMG_2140-e1479824333220-768x852.jpg 768w, https:\/\/bester-manager-auftritt.de\/wp-content\/uploads\/2016\/11\/IMG_2140-e1479824333220.jpg 1183w\" sizes=\"(max-width: 640px) 100vw, 640px\" \/>Diese Renaissance der Rhetorik ist wirtschaftlich relevant: Reden und Antworten, Moving Images, Corporate Events, F\u00fchrungskr\u00e4fte- und Strategietagungen, Mitarbeiter-All-Hands, Town Halls, das sind Profitfaktoren. So wird N\u00e4he geschaffen, und Wert. Der erste Preistr\u00e4ger treibt das voran. Solchen wie Ihnen von Continental ist es zu verdanken, dass die Qualit\u00e4t der Executive-Auftritte nach innen und au\u00dfen steigt. Gute Teams arbeiten in diesem Trend.<\/p>\n<p style=\"text-align: justify;\">Jetzt wird Joachim Scharloth etwas sagen. Er hat eine Professur f\u00fcr angewandte Linguistik an der TU Dresden. Er ist Gutachter in forensischer Linguistik. 68er-Forscher (auch Dutschke konnte reden!) \u2013 und heute vor allem Computerlinguist. Trotzdem hat er f\u00fcr die Studie nicht ein Computerprogramm laufen lassen, sondern einen Gesamteindruck bewertet, interdisziplin\u00e4r mit Sprechwissenschaftlern, zusammen mit seinen Kolleginnen Dr. Bergmann und Dr. Koch.<\/p>\n<h4 style=\"text-align: justify;\">Laudatio<\/h4>\n<p style=\"text-align: justify;\">Wer Elmar Degenhart fragt, was er den ganzen Tag macht, erf\u00e4hrt: \u201eKommunikation!\u201c \u201eDen ganzen Tag?\u201c Ja, den ganzen Tag, und die halbe Nacht manchmal.<\/p>\n<p style=\"text-align: justify;\">Also: Hier ist jemand, der F\u00fchrung als permanente Rede und Antwort versteht, und nicht als Versendung von Hirtenbriefen. Und der Kommunikationsleute hat, die das unterst\u00fctzen. Die in Hannover haben verstanden.<\/p>\n<p style=\"text-align: justify;\">Dabei w\u00e4re der Preistr\u00e4ger f\u00fcr Expertenkommunikation pr\u00e4destiniert. Es gibt auf der rechten Seite der F\u00fchrungskommunikation den Executive Modus, und links den Experten-Modus. Der Preistr\u00e4ger des Awards \u201eBester Manager-Auftritt 2016\u201c studierte Luft- und Raumfahrt, und wurde in Reinraumtechnik promoviert. Das klingt nach \u201eMaschinenraum\u201c. Ob der in eine Flugh\u00f6he kommt, mit Argumenten und Redeweisen, so, wie es ein CEO tun muss? Heute wird dokumentiert, dass es so kam.<\/p>\n<p style=\"text-align: justify;\">Elmar Degenhart wei\u00df: es geht um Auftragskommunikation. Es geht um Wert: \u201eEin Mann, der sein Geld wert ist.\u201c K\u00fcrzlich wurde erwiesen: Platz acht international im Fach Wert. Vielleicht h\u00e4ngt beides zusammen. Bitte verzeihen Sie, ich kenne mich damit aus: Es gibt keine gute F\u00fchrung ohne guten Auftritt!<\/p>\n<p style=\"text-align: justify;\">Ich w\u00fcrde dazu gern \u00fcber die Situation, die jetzt wissenschaftlich untersucht worden ist, hinaus gucken. Und sehen, wie der Preistr\u00e4ger F\u00fchrungswirkung entwickelt. Wenn er redet, redet er gern von den anderen: \u201eMich hat das Engagement und die Begeisterungsf\u00e4higkeit der F\u00fchrungskr\u00e4fte, Mitarbeiterinnen und Mitarbeiter weltweit inspiriert.\u201c Immer ist von Gemeinsamkeit die Rede, oft von Vertrauen und Verbundenheit. Von Verstehen.<\/p>\n<p style=\"text-align: justify;\">Kommunikative Leistung, wo man hinsieht. Der Aufsichtsrat war zerstritten, das F\u00fchrungsteam zerm\u00fcrbt, die Mitarbeiter beunruhigt. Was hat Degenhart getan? \u201eBelegschaft beruhigt\u201c, wird berichtet. Der Preistr\u00e4ger warnte vor dem Gegenteil: \u201eWer als F\u00fchrungskraft die Mitarbeiter mit Angst systematisch frustriert, provoziert Wissens-Verweigerung mit all ihren negativen Folgen.\u201c<\/p>\n<p style=\"text-align: justify;\"><img loading=\"lazy\" class=\"alignleft wp-image-84\" src=\"http:\/\/bester-manager-auftritt.de\/wp-content\/uploads\/2016\/11\/IMG_2141-e1479824444897-924x1024.jpg\" alt=\"img_2141\" width=\"640\" height=\"710\" srcset=\"https:\/\/bester-manager-auftritt.de\/wp-content\/uploads\/2016\/11\/IMG_2141-e1479824444897-924x1024.jpg 924w, https:\/\/bester-manager-auftritt.de\/wp-content\/uploads\/2016\/11\/IMG_2141-e1479824444897-271x300.jpg 271w, https:\/\/bester-manager-auftritt.de\/wp-content\/uploads\/2016\/11\/IMG_2141-e1479824444897-768x851.jpg 768w, https:\/\/bester-manager-auftritt.de\/wp-content\/uploads\/2016\/11\/IMG_2141-e1479824444897.jpg 1207w\" sizes=\"(max-width: 640px) 100vw, 640px\" \/>Zugang zu Menschen, Zuh\u00f6ren, ein freundliches Wort f\u00fcr jeden. Was ich bis jetzt gesagt habe, ist der erste Grund, warum wir richtig froh sind, dass Dr. Degenhart diesen Managerauftrittspreis bekommen soll. Einer, der nach seiner Erziehung vielleicht nicht das ist, was man einen \u201eRampenmensch\u201c nennen k\u00f6nnte. Und das hier ist nicht nur ein Preis f\u00fcr Rampenmenschen: Es hat der gewonnen, der immer sagte: \u201eKommunikation\u201c. Den ganzen Tag und manchmal die halbe Nacht.<\/p>\n<p style=\"text-align: justify;\">Fast noch wichtiger ist die Entstehung. Ich will das erkl\u00e4ren: Ich rief seinen Kommunikationschef, Dr. Gress, an und fragte: \u201eWie bereiten Sie das vor?\u201c Ich habe gezittert. Bitte jetzt nicht h\u00f6ren m\u00fcssen, eine Edelfeder habe es geschrieben \u2013 oder: \u201eIch hab\u2018s geschrieben, er liest das gut vor, er ist ein Naturtalent!\u201c<\/p>\n<p style=\"text-align: justify;\">Ich h\u00f6rte am anderen Ende der Leitung etwa so etwas: Gemeinsames Briefing \u2013 stetige iterative Arbeit in Aktion. Immer wieder treffen, dann etwa dreimal proben \u2013 dann noch dreimal proben, Vielleicht noch dreimal\u2026 Wow: Der ist voll im \u201eExecutive Modus\u201c. Ein moderner Prozess. Ich lie\u00df mich erleichtert in einen Stuhl fallen. Gottseidank!<\/p>\n<p style=\"text-align: justify;\">Das Prinzip des Preises k\u00f6nnte sein: Proben statt Text ziselieren! Aktion statt Papier, Mensch statt Text. Nicht eine Textmaschine aus Agenturen und Edelfedern und einmal im Jahr Medientraining und K\u00f6rpersprache. Vorbereitung in Aktion, das passt zum Conti-Claim: \u201eThe Future in Motion\u201c. Wir k\u00f6nnten sagen: \u201eThe CEO in Action\u201d.<br \/>\nHerr Dr. Degenhart, Sie haben alles genau so gemacht, wie Spitzen-Executive-Kommunication sein muss, und auch Ihr Team. Sie liegen im globalen Trend der Renaissance der Rhetorik. Und mit bestem Ergebnis. Deshalb verdienen Sie den Preis; nehmen sie ihn an! Frau Dr. Stefanie Etzel von \u201eThe Leading Coaches of the World\u201c wird ihn jetzt \u00fcberreichen.<\/p>\n<p style=\"text-align: justify;\"><em>(frei gesprochen, im Nachgang verschriftet)<\/em><\/p>\n<p style=\"text-align: right;\">\n<p style=\"text-align: right;\"><strong><a href=\"http:\/\/bester-manager-auftritt.de\/index.php\/gratulation-an-dr-elmar-degenhart\/\">Gratulation Prof. Dr. Joachim Scharloth<\/a><\/strong><\/p>\n<p>&nbsp;<\/p>\n","protected":false},"excerpt":{"rendered":"<p>Laudatio auf Dr. Elmar Degenhart Von\u00a0Dr. Stefan Wachtel, ExpertExecutive, Frankfurt am Main \u201eThe Future in Motion\u201c \u2013 \u201cThe Manager in Action\u201d Ein Preis f\u00fcr das Selbstverst\u00e4ndlichste auf der Welt. Einer steht auf, geht an ein Pult, sagt ein paar Worte.<\/p>\n","protected":false},"author":1,"featured_media":0,"parent":0,"menu_order":0,"comment_status":"closed","ping_status":"closed","template":"","meta":[],"_links":{"self":[{"href":"https:\/\/bester-manager-auftritt.de\/index.php\/wp-json\/wp\/v2\/pages\/78"}],"collection":[{"href":"https:\/\/bester-manager-auftritt.de\/index.php\/wp-json\/wp\/v2\/pages"}],"about":[{"href":"https:\/\/bester-manager-auftritt.de\/index.php\/wp-json\/wp\/v2\/types\/page"}],"author":[{"embeddable":true,"href":"https:\/\/bester-manager-auftritt.de\/index.php\/wp-json\/wp\/v2\/users\/1"}],"replies":[{"embeddable":true,"href":"https:\/\/bester-manager-auftritt.de\/index.php\/wp-json\/wp\/v2\/comments?post=78"}],"version-history":[{"count":15,"href":"https:\/\/bester-manager-auftritt.de\/index.php\/wp-json\/wp\/v2\/pages\/78\/revisions"}],"predecessor-version":[{"id":129,"href":"https:\/\/bester-manager-auftritt.de\/index.php\/wp-json\/wp\/v2\/pages\/78\/revisions\/129"}],"wp:attachment":[{"href":"https:\/\/bester-manager-auftritt.de\/index.php\/wp-json\/wp\/v2\/media?parent=78"}],"curies":[{"name":"wp","href":"https:\/\/api.w.org\/{rel}","templated":true}]}}