{"id":154,"date":"2018-03-16T13:10:05","date_gmt":"2018-03-16T12:10:05","guid":{"rendered":"http:\/\/bester-manager-auftritt.de\/?page_id=154"},"modified":"2019-01-20T19:17:41","modified_gmt":"2019-01-20T18:17:41","slug":"preistraeger-2017","status":"publish","type":"page","link":"https:\/\/bester-manager-auftritt.de\/index.php\/preistraeger-2017\/","title":{"rendered":"Preistr\u00e4ger 2017"},"content":{"rendered":"<figure id=\"attachment_175\" aria-describedby=\"caption-attachment-175\" style=\"width: 450px\" class=\"wp-caption alignleft\"><img loading=\"lazy\" class=\"size-full wp-image-175\" src=\"http:\/\/bester-manager-auftritt.de\/wp-content\/uploads\/2018\/03\/SAP_Executive_Board_2017_McDermott.jpg\" alt=\"Preissieger Bill McDermott Foto: \u00a9 SAP SE \/ Andreas Pohlmann\" width=\"450\" height=\"300\" srcset=\"https:\/\/bester-manager-auftritt.de\/wp-content\/uploads\/2018\/03\/SAP_Executive_Board_2017_McDermott.jpg 450w, https:\/\/bester-manager-auftritt.de\/wp-content\/uploads\/2018\/03\/SAP_Executive_Board_2017_McDermott-300x200.jpg 300w\" sizes=\"(max-width: 450px) 100vw, 450px\" \/><figcaption id=\"caption-attachment-175\" class=\"wp-caption-text\">Preissieger Bill McDermott<br \/>Foto: \u00a9 SAP SE \/ Andreas Pohlmann<\/figcaption><\/figure>\n<p><strong>Bill McDermott<\/strong>, CEO von SAP, ist 2017 der \u00fcberzeugendste Management-Auftritt mit seiner Keynote \u201eRun Simple\u201c gelungen. Das ist das Ergebnis der Studie an der TU Dresden nach dem Dresdner Modell f\u00fcr die Analyse von Managementkommunikation. Studierende bewerteten hierf\u00fcr Kurzreden und interaktive Beitr\u00e4ge von Vorstandsvorsitzenden b\u00f6rsennotierter Gesellschaften und Familienunternehmen im Hinblick auf Verst\u00e4ndlichkeit, rhetorische F\u00e4higkeiten, ihrer \u00dcbereinstimmung mit der Corporate Communication des Unternehmens und der Inszenierung des Auftritts. Professor Dr. Alexander Lasch der TU Dresden: \u201eNicht nur Akteure gehen von Papieren zu Aktionen\u201c, sondern auch die wissenschaftliche Betrachtung: \u201eEs geht um mehr als Texte.\u201c\u201eReputation besteht aus Verhalten, Beziehungen und Kommunikation. Ein Auftritt, der sich mit dem Verhalten deckt, ist heute unerl\u00e4sslich, um von allen Stakeholdern die Legitimation zu bekommen, Gesch\u00e4fte zu machen. Professionell und authentisch muss ein Manager auftreten, wie Bill McDermott,\u201c sagte Emilio Galli Zugaro, Gr\u00fcnder der Orvieto Academy for Communicative Leadership und Autor \u201eThe Listening Leader\u201c , bei der Preisverleihung. Die Orvieto Academy bildet F\u00fchrungskr\u00e4fte in Leadership und Kommunikation f\u00fcr das digitale Zeitalter aus. Der Initiator Dr. Stefan Wachtel und Autor des erscheinenden Buches \u201eDie Kunst des Authentischen\u201c, sagte: \u201eEs ist kein Zufall, dass ein Vertreter angels\u00e4chsischer Rhetorik in der Studie oben steht.\u201c<\/p>\n<p>&nbsp;<\/p>\n<p>Rajiv Sekhri, Head of Global Media Relations SAP SE, nahm den Preis entgegen: \u201eSAP appreciates the jury\u2019s recognition that executives\u2019 words are powerful. Messages can inspire change, instill trust and provide leadership and guidance in a changing world.\u201c<\/p>\n<p>&nbsp;<\/p>\n<p>&nbsp;<\/p>\n<p>&nbsp;<\/p>\n<figure id=\"attachment_170\" aria-describedby=\"caption-attachment-170\" style=\"width: 225px\" class=\"wp-caption alignright\"><img loading=\"lazy\" class=\"size-full wp-image-170\" src=\"http:\/\/bester-manager-auftritt.de\/wp-content\/uploads\/2018\/03\/images.png\" alt=\"Partner des Awards: Orvieto Academy \" width=\"225\" height=\"225\" srcset=\"https:\/\/bester-manager-auftritt.de\/wp-content\/uploads\/2018\/03\/images.png 225w, https:\/\/bester-manager-auftritt.de\/wp-content\/uploads\/2018\/03\/images-150x150.png 150w\" sizes=\"(max-width: 225px) 100vw, 225px\" \/><figcaption id=\"caption-attachment-170\" class=\"wp-caption-text\">Partner des Awards: Orvieto Academy<\/figcaption><\/figure>\n","protected":false},"excerpt":{"rendered":"<p>Bill McDermott, CEO von SAP, ist 2017 der \u00fcberzeugendste Management-Auftritt mit seiner Keynote \u201eRun Simple\u201c gelungen. Das ist das Ergebnis der Studie an der TU Dresden nach dem Dresdner Modell f\u00fcr die Analyse von Managementkommunikation. Studierende bewerteten hierf\u00fcr Kurzreden und<\/p>\n","protected":false},"author":1,"featured_media":0,"parent":0,"menu_order":0,"comment_status":"closed","ping_status":"closed","template":"","meta":[],"_links":{"self":[{"href":"https:\/\/bester-manager-auftritt.de\/index.php\/wp-json\/wp\/v2\/pages\/154"}],"collection":[{"href":"https:\/\/bester-manager-auftritt.de\/index.php\/wp-json\/wp\/v2\/pages"}],"about":[{"href":"https:\/\/bester-manager-auftritt.de\/index.php\/wp-json\/wp\/v2\/types\/page"}],"author":[{"embeddable":true,"href":"https:\/\/bester-manager-auftritt.de\/index.php\/wp-json\/wp\/v2\/users\/1"}],"replies":[{"embeddable":true,"href":"https:\/\/bester-manager-auftritt.de\/index.php\/wp-json\/wp\/v2\/comments?post=154"}],"version-history":[{"count":13,"href":"https:\/\/bester-manager-auftritt.de\/index.php\/wp-json\/wp\/v2\/pages\/154\/revisions"}],"predecessor-version":[{"id":236,"href":"https:\/\/bester-manager-auftritt.de\/index.php\/wp-json\/wp\/v2\/pages\/154\/revisions\/236"}],"wp:attachment":[{"href":"https:\/\/bester-manager-auftritt.de\/index.php\/wp-json\/wp\/v2\/media?parent=154"}],"curies":[{"name":"wp","href":"https:\/\/api.w.org\/{rel}","templated":true}]}}